 + 22 + (-11 - -14) + -5?
31
What is -17 + 24 - (-4 + (-10 - -4))?
17
Calculate 0 - 2 - (-2 + 1) - (15 - 3).
-13
What is the value of (-70 + 137 - 77) + -1 + 28?
17
What is (101 - 117) + 4 + 0 + 4?
-8
What is 1543 + -1538 + (-1 - 24 - (-2 - 0))?
-18
What is 28 + -18 + 7 - 6?
11
What is the value of (3 - 4) + 10 + -2 - 15?
-8
Calculate 2 + (1 - -7) + -17 - (2 + 3).
-12
What is (0 + (-4 - 4 - -12) - 15) + 5?
-6
What is the value of 223 + -226 - ((1 - 12) + -4 + 3)?
9
Evaluate (2 - -8) + (-8 - (12 + -12)) + 32.
34
What is (2 - -4) + -2 + 0 + 12?
16
What is 4 + -12 + -8 + (5 - 2) + 12?
-1
Evaluate (-15 - (-28 - -29)) + -9.
-25
Evaluate -863 + 859 + (12 - 1).
7
Calculate 69 - 2 - (-765 - -809).
23
-19 + 1 + (3 - (-16 - -10))
-9
3 + -3 + -1 - (-5 - 2) - 18
-12
What is 8 + ((1 - 12) + 97 + -102 - -8)?
0
Evaluate 11 + (-18 + 15 + -10 - -8).
6
Evaluate 19 - (-33 - (-9 + -6)).
37
Evaluate (-101 - -121) + (-20 - -1).
1
Evaluate -12 + -4 + (4 - -7).
-5
Calculate (5 - (-7 - -1)) + (-12 - -10).
9
Evaluate (-68 - -57 - (2 - 21)) + 3 + -10.
1
Calculate 3 - (5 + 9) - -15.
4
What is 4 + (16 - 15) + -2 + 3 + -3?
3
Calculate 20 + 0 - (27 - (27 - 7)).
13
Evaluate (277 - 290) + (-4 - 1).
-18
What is the value of 5 + -10 + -4 - (1 - 8)?
-2
237 + -208 - (1 - -16)
12
Calculate 3 + (-11 - (-28 - -10 - 1)).
11
Evaluate (14 - 17) + (-36 - -44).
5
What is the value of 51 - 33 - (4 + -3)?
17
Evaluate 0 + 2 - (1354 + -1324).
-28
What is the value of -18 + (6 - 2 - (5 + -9))?
-10
12 + ((2 - -10) + 2 - 7) + 1
20
What is the value of -14 - (14 - (29 - -19))?
20
What is -15 + (-6 - 3 - (-18 + 5))?
-11
What is the value of 2 - (-6 - (-13 + 20) - -10)?
5
(-5 - -7) + (-34 - -15 - -22)
5
What is 6 - (15 + -28 + 7)?
12
Evaluate 41 - (-68 - -44 - -26).
39
Evaluate -10 - (-9 + 7 + 4) - -9.
-3
Evaluate (-6 - -6) + -7 + 2 + -8 + 14.
1
Calculate -1 - 13 - ((57 - 56) + -25).
10
18 + -41 - (-10 + -1)
-12
Calculate (23 - 49) + -2 + 48.
20
Calculate -177 + 187 + 1 + -18.
-7
What is 18 - (-1 - (-21 - -5))?
3
Calculate (-16 - -29) + -27 + 0 + -2 + -2.
-18
Evaluate 48 - 58 - (-1 + -25).
16
What is -3 - -3 - (-22 + (12 - -2 - 3))?
11
13 - 7 - (12 + (4 - 10))
0
18 + -6 + -13 + 10 + 17
26
Evaluate (5 - (3 + 5)) + -1 - 4 - -2.
-6
Evaluate 6 - ((2 - -12) + -9) - (0 - 10).
11
What is 2 + -1 - (-4 + 9 + -15)?
11
Calculate -7 - (-5 + (-1 - -4)) - (-105 - -103).
-3
Evaluate 73 + -90 + (1 - -7) - 16.
-25
Evaluate -25 - (17 - 33) - 4.
-13
What is 2 + 0 - 0 - -6?
8
What is the value of -9 + 0 + (-58 - -15) + 88?
36
What is -1 + 9 + -9 + (-11 - (-4 + 2))?
-10
Calculate 0 + 34 - (1452 + -1396).
-22
What is the value of 13 - ((1 - (-10 + 0)) + -2)?
4
What is the value of (1 - 18) + 15 + (0 - -3 - 10)?
-9
Evaluate 0 + 10 - (-4 + -9 - 5).
28
What is -24 - -4 - -26 - (2 - 1)?
5
What is (3 - 14) + 8 - ((2 - -10) + -3)?
-12
What is -2 + -6 + -7 - -8 - (6 + -21)?
8
What is the value of 25 - (14 + -11 + 9 + -14)?
27
What is the value of 17 + -19 + (8 - 2)?
4
What is the value of -23 + 5 - (1 + (-6 - -5 - 0))?
-18
What is -61 + 1 + -24 + 29 - -16?
-39
What is (3 - 6) + 0 + -2 + (-49 - -55)?
1
What is the value of 5 + -14 + 30 + -14 + 7 + -1?
13
8 - (-9 + -1 - (12 + -24))
6
-21 + -2 + -9 + 14
-18
Calculate -1 + (32 - 4 - 14).
13
Evaluate -4 + 11 + (0 - 0 - (1 + 5)).
1
What is the value of 0 + -6 + (88 - 23 - 72)?
-13
Calculate 4 + (-38 - -24) + 31.
21
What is the value of (-15 + 9 - (2 - 2)) + (8 - 0)?
2
What is the value of (-4 - (12 - (7 - -4))) + (-8 - 1)?
-14
-18 + -11 + 20 + (8 - 14)
-15
(3 - -1) + (28 - 40) + -12
-20
Evaluate 15 + (-8 - (1 - 6)) - 2.
10
What is the value of -13 + 17 + 3 + (-20 - -3)?
-10
What is the value of -2 - (5 - (5 - (-4 - 0)))?
2
What is 8 + -21 + (15 - 6)?
-4
What is (26 - (22 + 6)) + (-6 - 2)?
-10
(-15 - -34 - 26) + -1 + 2
-6
What is -40 - -42 - (3 - 8)?
7
What is -3 - (-14 - 20 - -12)?
19
Calculate -12 - (-12 + (-3 - -2) + 9).
-8
What is the value of 26 - ((6 - -58) + -8)?
-30
1 - ((0 - -2 - -2) + (1093 - 1066))
-30
What is the value of -16 + -8 + 5 - (-4 + -11 + 14)?
-18
What is 7 + (-5 - -7) + (0 - 0)?
9
What is -14 + -20 + 43 + -11?
-2
Evaluate (2 - -15) + -33 - -8.
-8
What is (-14 - -2) + 1 - (-86 - -77)?
-2
What is -30 + (43 + -26 - 15)?
-28
-14 + 2 + -6 + 16 + -6 + -3
-11
What is the value of 2 - (-25 - -36) - -10?
1
Evaluate -18 + -6 + 8 + (-6 - -10).
-12
Evaluate (-132 + 127 - (5 + -1)) + -8.
-17
0 + (-1 - -49) - (-1374 - -1391)
31
Evaluate 14 + (-7 - 2) - 3.
2
What is -3 - ((14 - 7) + 1 - 9)?
-2
Evaluate (-1 - 29) + (2 - -37 - 24).
-15
283 + -298 + (0 - (-3 + -16))
4
-3 - (16 - ((-11 - -19) + 2 + -4))
-13
Evaluate -104 + 111 - (-2 - (-5 + 2) - 1).
7
Calculate -17 + (-4 - (2 - (-3 + 8))) + -1.
-19
Calculate (-8 - (-3 - 0)) + 19 + -1 + -5.
8
Evaluate -10 - (-7 + (0 - 2) - -4).
-5
Evaluate -12 - ((-1 - -9) + -33) - -1.
14
What is (-14 + -4 - (-12 - -5)) + -5 + 0?
-16
Calculate -29 + 2 + 28 + -6.
-5
(0 + -8 - (35 - 45)) + (-2 - -2)
2
(-1 - (1 - 1)) + (-20 - (-14 - 9))
2
Calculate -21 - (-8 - 9) - ((-5 - 0) + -2).
3
-2 - (-14 + 22 + -15)
5
What is the value of -4 - (3 + -1 - (-94 + 98))?
-2
What is the value of -4 - (-5 + (-9 + 9 - (-5 + 7)))?
3
What is the value of -8 - (-12 - (9 + (8 - 16)))?
5
What is the value of -160 + 167 + 0 + -8 - 13?
-14
What is the value of -6 + (0 - (-4 - (7 + (-20 - -10))))?
-5
Evaluate (-16 - -4) + 7 + -7 + 24.
12
Calculate 9 + -4 - 5 - (-47 - -40).
7
Evaluate -1 + 5 - (-9 - (15 + -14 + 0)).
14
Calculate (8 - -3) + 0 - (21 + -18).
8
-22 - -42 - 4 - (1 - (-2 + 5))
18
What is (7 - 3) + (-6 - -14) - -8?
20
What is (-21 - -1) + (-251 - -248)?
-23
Calculate -16 + 16 + (-4 - (-5 + 4)).
-3
Calculate (-8 - -3) + (-1 - 2 - -8) - 4.
-4
Evaluate -9 + (5 - -19) + -9.
6
Calculate 12 + -14 + (-16 - -31).
13
What is the value of -6 - ((-4 - 8) + 21 + 4 + 2)?
-21
(-19 + 1 - (54 + -62)) + 18
8
11 - (3 - -3) - (-21 - -30)
-4
What is (-7 + 7 - (-1 - 3)) + -13 + -2?
-11
What is the value of 11 - 0 - (-3 - (19 - 20))?
13
Evaluate -43 - (19 + -10 + -30).
-22
Calculate 22 - (-10 - -23) - 7.
2
19 + (21 - (12 + 13 - 17))
32
Evaluate (-625 - -618) + (-1 - -3 - 8 - 1).
-14
What is 1780 - 1801 - (8 - -1)?
-30
Evaluate (-2 - ((-10 - 4) + 9)) + 0.
3
What is -3 - 3 - (0 + (-1 - -1))?
-6
Evaluate -2 + (2 - 4) + (-48 - (-50 + -4)).
2
Calculate -43 + -51 + 94 + 7 + -2.
5
What is -51 - -56 - (3 - 3 - -9)?
-4
Calculate -25 + (0 + 6 - (-76 - -74) - 7).
-24
What is -18 + 21 + 13 + -25 + (7 - 1)?
-3
What is 9 - (30 - (-4 + 13))?
-12
11 + -29 - ((-10 - -4) + 3 - 2)
-13
What is -52 - (-27 - (35 + -36))?
-26
What is the value of (-3 - -4) + -3 - -4 - (3 + 2)?
-3
-331 - -323 - (-20 - -2 - 2)
12
(-2 - (-8 + 17)) + 13
2
Calculate 75 + -72 + (4 - (0 - 2 - -2)).
7
Calculate 0 + -23 + (-31 - 3) + 46 + 21.
10
Evaluate (-15 - (-14 + 18) - -7) + (1 - 0).
-11
Evaluate -3 - (5 - 1) - (-5 + 4) - 7.
-13
What is (-16 - (-27 - 0)) + -25?
-14
What is the value of (7 - (10 - 14 - -3)) + -4 + 16?
20
Evaluate (-11 - -16) + 6 - 2.
9
-101 + 108 + (5 - 1) - (1 - 4)
14
What is the value of (18 + -7 + -11 - (3 - -3)) + 4?
-2
What is the value of (0 - (-14 - -7)) + (-7 - 3) + 6?
3
What is the value of 3 - ((8 - 15) + 6 + 14 - 11)?
1
What is the value of 1 - -2 - (142 - 141)?
2
Calculate -21 + 16 + 7 - (-1 + (-1 - 12)).
16
What is the value of 1 - (-3 - (6 + 0 - 11)) - 3?
-4
Evaluate (3 - (-12 + 3)) + -6 + -12.
-6
(1 - (-2 + 7)) + -45 + 21 + 26
-2
Calculate 24 + 3 + -14 + -31.
-18
What is the value of 1 + 4 + 0 + (10 - (46 + -33))?
2
What is -12 + -4 + (21 - 11) + 27?
21
Calculate 4 - (17 + -18) - (3 + -6 - -36).
-28
Calculate 7 + -8 + 5 + -3 + -2 + -31.
-32
Evaluate -9 - (-3 - (-6 + 10)) - 6.
-8
What is 3 + 17 + -30 + 0 + 8?
-2
What is 1 - 15 - (229 - 234)?
-9
Evaluate -17 + 48 + (-13 - -19) + -20.
17
What is the value of 2 + -1 + (101 - 67 - 30)?
5
What is the value of (2 - 0) + (-125 - -116)?
-7
Calculate -29 + -25 + 84 - (3 + 14).
13
What is the value of -4 + (8 - 2) + -7?
-5
What is the value of -18 + (18 - 6 - 5) - (-3 - 2)?
-6
What is the value of (8 - 13) + 16 + 5 + -4?
12
Evaluate 0 + -3 - (-5 - (-2 + 11)).
11
What is the value of (28 - (0 - 0) - 12) + 11?
27
-8 + 1 + 10 + -1 + -11 + 6
-3
-1 + -2 - (-2 + -27 + (-29 - -19))
36
6 + (-1 + -13 - -8) - (1 - 7)
6
(26 - 54) + (9 - (-3 - (-12 + -1)))
-29
Calculat